)/(-1). What is the remainder when 149 is divided by 3 - 2 - -4*(23 - j)?
72
Let u(w) = -38*w + 1. Let y(j) = 9*j + 6. Let f be y(-2). Let r be (-4)/f + (-76)/12. What is the remainder when u(r) is divided by 33?
31
Let s(k) = 3*k**2 + 7*k + 12. Let t(p) = -4*p**2 - 28*p - 2. Let q be t(-7). What is the remainder when s(q) is divided by (-65)/(-10) + 2/(-4)?
4
Suppose 18*c = -0*c + 72. Suppose 131 = 2*p - p - i, 0 = -c*p - 5*i + 551. What is the remainder when p is divided by 47?
40
Let x = -991 + 1412. What is the remainder when x is divided by 106?
103
Suppose 4*h = -28, -1880*t = -1877*t + 5*h - 919. Calculate the remainder when t is divided by (-3 - (-15)/(-9))*-3.
10
Suppose 20*g = 23*g - 324. Suppose -2*c = 2*r + 22 - 76, -4*c + r + g = 0. What is the remainder when 88 is divided by c?
7
Let l = 280 - 259. Suppose -18*q + y - 28 = -l*q, 3*y = -q + 4. Calculate the remainder when 17 is divided by q.
7
Let r(s) = s + 11. Let n be r(-6). Suppose 2*k - 33 = -3*p + 29, 5*k + n*p = 145. Calculate the remainder when k is divided by 16.
9
Suppose -5*d + 35 = 0, 12*j + 3*d = 10*j + 441. What is the remainder when j is divided by 2 + 0 - 29/(-1)?
24
Let k be 24/(-2)*12/(-18). Suppose 3*b = 2*m + 156, -m + k - 5 = 0. Suppose 3*s = s + b. Calculate the remainder when 214 is divided by s.
25
Suppose -c + 148 = 3*c - 4*z, -5*z + 74 = 2*c. Let w = -25 + c. What is the remainder when 19 is divided by w?
7
Let a = -2568 - -3726. What is the remainder when a is divided by 27?
24
Let h(x) = 4*x**2 + 3*x - 3. Let d be h(2). Suppose 0 = t - d + 2. Let g = -6 + t. Calculate the remainder when g is divided by 3.
2
Let b(j) = -j + 9. Let u be b(5). Suppose 0*n = -u*n + 632. Calculate the remainder when n is divided by 27.
23
Suppose -5*y + 15 = -0. Suppose 73 + 83 = y*a. What is the remainder when a is divided by 32?
20
Let c(f) = 2*f + 21. Let k be c(-9). Suppose 5*b + 0*b - k*y - 96 = 0, -2*b + 2*y = -40. Suppose b*q = 5*q + 377. What is the remainder when q is divided by 16?
13
Let r(t) = -30*t**3 - t**2 + 2*t - 1. Let q be r(1). Let m = q + 33. Calculate the remainder when ((-15)/(-10))/(m/106) is divided by 11.
9
Let u be -1*4 - 26/(-13). Let b(j) = -2*j**3 + 1. Suppose 3*x = 5*x - 10. Calculate the remainder when b(u) is divided by x.
2
Suppose 3*h - i = 286, -102 = -2*h + h - 3*i. Suppose h = 22*m + 30. Calculate the remainder when m is divided by 2.
1
Suppose 0 = 3*d + 2*a - 290, -3*d + a = -3*a - 284. Suppose 1085*h - 26540 = -242*h. Calculate the remainder when d is divided by h.
16
Let z(y) = 9*y + 194. Let a be z(-21). Suppose -3*f - 3*k + 62 = -40, -3*k + 174 = a*f. What is the remainder when 137 is divided by f?
29
Let b = 37 + -28. Suppose z - 5*k + 0*k + 12 = 0, 0 = 3*k + b. Let t = z + 41. Calculate the remainder when 82 is divided by t.
12
Calculate the remainder when (0 - 3)*((-81 - -26) + -8) is divided by 17.
2
What is the remainder when (-14427)/(-51) + 10 + 672/(-68) is divided by 18?
13
Let h(m) = -m**3 - m**2 - m + 2. Let a be h(0). Let i = a + 23. What is the remainder when 90 is divided by i?
15
Let u be (1 + 20)*((-44)/6 - -6). Let l = 30 + u. Suppose 0 = -5*m + l*m + 66. What is the remainder when m is divided by 8?
6
Let o = -28882 + 29008. Calculate the remainder when 3398 is divided by o.
122
Suppose 28683 - 24867 = 9*z. What is the remainder when z is divided by 206?
12
Let x = 154 + 64. Let l = x + -205. What is the remainder when 100 is divided by l?
9
Let i(c) = -c**3 - 12*c**2 - 13*c - 8. Let q = -26 - -15. What is the remainder when i(q) is divided by (-3)/((-28)/(-20) + -2)?
4
Suppose 5*f - 20*n + 21*n - 594 = 0, 0 = 3*f - n - 358. Calculate the remainder when 4519 is divided by f.
116
Suppose 3*i - 1396 = -2*a + 400, 0 = i - 2. What is the remainder when a is divided by 21?
13
Let f(r) = 2454*r + 24. Calculate the remainder when f(1) is divided by 73.
69
Let y = 31619 + -31585. Calculate the remainder when 704 is divided by y.
24
Suppose 18*f - 5*n - 532 = 15*f, -n = 2*f - 372. Suppose 0 = 3*r - 8 - 1, -5*c = -4*r - 73. What is the remainder when f is divided by c?
14
Suppose -149*p + 41*p = 75*p - 129747. What is the remainder when p is divided by 193?
130
Let c = -20 + 23. Suppose -6*i = -c*i - 333. Suppose -3*r + 7 = 5*t - 122, -41 = -r - t. Calculate the remainder when i is divided by r.
35
Let j(t) = t**3 - t - 1. Let h(m) = -5*m**3 + 2*m**2 + 13*m - 22. Let o(i) = -h(i) - 4*j(i). What is the remainder when 54 is divided by o(3)?
6
Let s(g) = -52*g + 47. Let i be s(4). Let p = i - -270. Suppose 40 + 70 = 5*o. What is the remainder when p is divided by o?
21
Let f(i) = -8*i - 59. Let y be f(-7). Calculate the remainder when 61 is divided by (y/6 + (-2 - -3))*46.
15
Suppose 0 = -11*m + 2087 - 420 + 225. Calculate the remainder when m is divided by 170.
2
Let j be (70 - 42)*(-2)/(-8). Suppose -73 = -j*h + 179. What is the remainder when 463 is divided by h?
31
Calculate the remainder when ((-710)/15)/((-7)/21) is divided by 51.
40
Suppose 105*r - 106*r + 33 = 0. Calculate the remainder when 2398 is divided by r.
22
Suppose 2805 = -91*v + 256*v. Suppose 225 = 5*r - 2995. What is the remainder when r is divided by v?
15
Let f(z) = z**3 - 5*z**2 - z. Let c = -105862 + 105981. What is the remainder when c is divided by f(6)?
29
Let b(k) = 2*k**2 - 20*k + 24. Let j(l) = 2*l**2 - 19*l + 26. Let r(d) = 6*b(d) - 5*j(d). Calculate the remainder when 444/48 + (-2)/8 is divided by r(12).
1
Let k = 212 + -37. Suppose 6*a - 7*a + d + 45 = 0, -k = -4*a + 5*d. Let h = 40 + -14. Calculate the remainder when a is divided by h.
24
Suppose 65*f + 332 - 3224 = 228. What is the remainder when 169 is divided by f?
25
Let v(l) be the first derivative of 3*l + 0*l**2 + 13/3*l**3 + 1/4*l**4 + 8. What is the remainder when 8 is divided by v(-13)?
2
Let s be (-3 - -8)/30 + (-33)/(-18). Suppose -5*w + 28 = s*r - 0*w, 0 = -5*r - 3*w + 70. What is the remainder when 279 is divided by r?
13
Let s(q) = 71*q + 172. Let z be s(5). Suppose 16*o - z = 801. What is the remainder when o is divided by 31?
21
Let l be 0/(5 - (3 + 0)). Suppose -5*r + 3*q + 279 = l, 285 = 5*r - 10*q + 5*q. Calculate the remainder when r*(-10)/(-25)*(-10)/(-6) is divided by 10.
6
Let q = 197 + -133. Suppose 373 = 6*s + 151. Suppose 2*i - l - 85 = -s, 61 = 3*i + 4*l. Calculate the remainder when q is divided by i.
18
Let u(d) = 2*d**2 + 27*d - 508. Calculate the remainder when u(13) is divided by ((-4)/(-12) - 0) + 167/3.
13
Suppose 0 = 963*c - 964*c + 167. Calculate the remainder when c is divided by 37.
19
Suppose 0 = 17*u - 170 - 357. Suppose -3*p = -o - 53, p + o - 3*o - 11 = 0. Calculate the remainder when u is divided by p.
12
Suppose 2*u + 0*u - r = 79, 0 = -2*u + 4*r + 70. Let b be (-50)/(-16) - (-3)/(-24). Let m(z) = 55*z - 4. Calculate the remainder when m(b) is divided by u.
38
Let n = 7288 - 6471. What is the remainder when n is divided by 305?
207
Let i = 444 - 385. What is the remainder when 505 is divided by i?
33
Suppose 2*q + 4*n = 0, 3*q - 7*n = -3*n. Suppose q = -7*m - 0*m + 1995. Calculate the remainder when m is divided by 26.
25
Suppose 0 = o + 4*h - 50, 5*h - 94 = -5*o + 156. Calculate the remainder when o is divided by (-28)/21 + (-192)/(-9).
10
Let l(a) = a**2 - 6*a + 10. Suppose -3*p + 31 = 10. Suppose 256 = -3*b - 2*h + 280, -2*h - 6 = -2*b. What is the remainder when l(p) is divided by b?
5
Let b(h) = 4*h**3 + 5*h**2 - 14*h + 28. What is the remainder when 502 is divided by b(2)?
34
Let v = 16556 + -16122. What is the remainder when v is divided by 29?
28
Let s(f) = f**3 - 121*f**2 - 253*f + 1969. What is the remainder when s(123) is divided by 88?
52
Suppose -t - 4*p = p - 6, 0 = 3*t + p - 4. Let g = t + 58. Let y = g - 21. What is the remainder when 149 is divided by y?
35
Let v be (0 + 1)*-2 - (-11)/(-1). Let d = v - -16. What is the remainder when 67 is divided by 53/d - 14/21?
16
Let z(t) = -20*t + 91. Let a be z(6). Let w = 14 - a. Calculate the remainder when 385 is divided by w.
41
Let r = 199 + -594. Let v = r + 456. Calculate the remainder when v is divided by 27.
7
Suppose -33*a = -56*a - 18745. Let k = a + 858. Calculate the remainder when 136 is divided by k.
7
Let r = -7095 - -7126. Suppose -h - 6 + 55 = 0. Suppose -3*p = 5*s - h, -s